5*z + 4, -36 = -3*p + 3*z. Let q be p/1 - 1 - 3. What is l(q)?
4
Let l(r) = -5*r + 3. Let s(i) = i + 0 + 5 - 2 - 4. Let w(b) = -l(b) - 4*s(b). Let m = -7 - -10. Determine w(m).
4
Suppose -3*z = -16 + 28. Let a(o) = o**2 + 2*o + 1. Determine a(z).
9
Let c(s) = -3*s**3 + 14*s**2 + 14*s + 16. Let f(l) = -l**3 + 5*l**2 + 5*l + 5. Let m(x) = -6*c(x) + 17*f(x). Determine m(0).
-11
Let g(n) = 9*n + 3. Let v be g(-1). Let p(u) = u - 1. Determine p(v).
-7
Let z be (-6)/18*(-2 + -1). Suppose -3*o - z = -10. Suppose -y + 0*y + 5*r = 23, -5*y - o*r = -25. Let l(v) = -2*v + 3. Calculate l(y).
-1
Let b(c) be the third derivative of -c**4/24 - c**3/2 + c**2. Let r = 18 - 18. Suppose -3*s = -r*s. Calculate b(s).
-3
Let t(i) be the first derivative of -i**4/4 - i**3/3 + 3*i**2/2 - 3*i - 8. Calculate t(-3).
6
Let k be -6 + 3 - (3 + -8). Suppose 0 = k*f - 12 - 2. Let d(v) = -v**2 + 6*v + 1. What is d(f)?
-6
Suppose 4*j = -0*j + 72. Let m be (-2 - -3)/(6/j). Let t(i) = i**3 - 4*i**2 + i + 1. What is t(m)?
-5
Let l = -14 + 16. Suppose -n = -2*n + 1. Let y(k) = -1 + 4*k - n + k. Determine y(l).
8
Let n(z) = z + 3. Suppose -4*v = 4*c + v - 24, -3*c = 3*v - 15. Suppose -8 = m - 2*b, -2*m + m - 5*b - c = 0. Calculate n(m).
-3
Let l(s) = s + 6. Suppose -4 = a + 3. Let w be l(a). Let f(j) = 2*j**3 + j**2 - 1. Give f(w).
-2
Let y(o) be the third derivative of -o**8/6720 - o**7/840 + o**6/240 + o**5/120 + o**4/3 + 4*o**2. Let v(n) be the second derivative of y(n). Give v(-3).
-8
Let f(w) = 7*w**3 + w**2 + w. Let j = 118 + -119. Calculate f(j).
-7
Let l(v) be the second derivative of -v**3/3 - 3*v**2/2 - 12*v. Calculate l(-5).
7
Let z(l) = -l**3 - 5*l**2 - l - 3. Suppose -4*f + 2*m + 7 = -11, -f = 2*m + 3. Suppose q = 3*a + 7, a - 7 = f*q - a. Determine z(q).
2
Suppose -4*k = -75 - 37. Let g be (-2)/(-5) - k/(-5). Let a(d) = -3 - g*d**2 - 2*d**2 + 6*d**2 - 5*d. Give a(-3).
-6
Let s(o) be the second derivative of o**4/6 - o**3/3 + o**2/2 + 4*o. Suppose 0*a - 4 = -4*a. What is s(a)?
1
Suppose g = 4*c - 1 + 8, -2*g - 4*c = 22. Let s(f) = f**2 + 3*f - 3. Let a(n) = -2*n**2 - 5*n + 5. Let w(y) = -2*a(y) - 5*s(y). Calculate w(g).
5
Suppose 4*h = 5*g + 16, -g = -2*h - 2*h. Let q(k) = -k**2 - 5*k - 4. Give q(g).
0
Suppose 0 = -3*q + m + 13, 7 = -4*q + q - 4*m. Let f(w) = w**2 - 2*w - 2. Give f(q).
1
Let a(t) = 11*t + 6. Let x(j) = -6*j - 3. Let r(d) = 2*a(d) + 5*x(d). Give r(-2).
13
Suppose -5*l - 2*n = -13, 3*n + 0*n = -5*l + 12. Let f(v) = -v**3 + 5*v**2 - 5*v + 4. Give f(l).
7
Let l(s) be the first derivative of -s**4/4 + 3*s**2/2 - 1. Let b(v) be the second derivative of l(v). What is b(-1)?
6
Suppose -2*z = -3*z. Let i(u) = -2*u**2 + u**3 + 3*u**2 - u**2 + 7. Calculate i(z).
7
Suppose 4*l + 5 = -r - 2, -16 = 2*l - 2*r. Let w(c) be the second derivative of -c**4/12 - c**3/6 + 9*c. Give w(l).
-6
Let s(g) = g**3 + 5*g**2 + 4*g + 1. Let w be s(-4). Let j(q) = 6*q + 1. Calculate j(w).
7
Let z(m) be the first derivative of -2*m**2 + 3*m - 28. Determine z(2).
-5
Let u(q) = -q + 4. Let c be u(4). Let k(g) = -3*g**2 - 2 + 2 - g + 4*g**2 - 5. Give k(c).
-5
Let a = 10 + -3. Let t be (-5)/10 + a/(-2). Let g(x) = -x + 5. What is g(t)?
9
Let a be -6*(-2)/(-9)*-3. Let o(s) = 4*s**2 - 3 + 2*s - 3 - s**3 + 1. Calculate o(a).
3
Let h(f) be the first derivative of -f**4/4 - 2*f**3/3 + 2*f**2 - 3*f - 3. Determine h(2).
-11
Let d = 7 + -7. Let p(z) = 5*z - 4 - 6*z - z**2 + d*z. What is p(0)?
-4
Let g(l) = -7*l + 3. Let n be (-39)/(-13) - 6*1. What is g(n)?
24
Let x be ((-8)/8)/((-2)/12). Let d(k) = -3 - 6 - 7*k**2 + 7*k + k**3 - k. What is d(x)?
-9
Let x(l) be the third derivative of l**5/20 - l**4/12 - l**3/3 + l**2. Give x(2).
6
Suppose 4*b + 20 = 4*k, -b - 2*b = 6. Let y(u) = -3*u + 6 - u - u**2 + k*u + 4*u. Calculate y(5).
-4
Let l(k) = 2*k + 14. Let y(w) = -w - 7. Let z(o) = -6*l(o) - 11*y(o). What is z(-5)?
-2
Let j(p) = 5*p**2 + 3*p + 1. Let h be (4/12)/((-2)/12). Calculate j(h).
15
Let l(g) = -g**3 + 4*g**3 - 3*g**2 - 4*g**3. Suppose 9 = -2*v + c, 5*v = 2*c - 6*c - 3. What is l(v)?
0
Let f(p) = -13*p**2 + p. Let a be ((-22)/66)/(2/6 - 0). Give f(a).
-14
Let u(b) = b - 5. Let d(w) = -w + 5. Let t(x) = -5*d(x) - 6*u(x). Let r be t(5). Let n(q) = -q**2 + 6. Determine n(r).
6
Let k(x) = -2*x - 4. Suppose -60 = 2*u - 7*u. Suppose -3*w = -w + u. Determine k(w).
8
Let i = 18 + -20. Let r(l) = l. Calculate r(i).
-2
Let i(b) = -2*b + 1. Let j(h) = 3*h - 3. Let l(f) = 5*i(f) + 3*j(f). Let z be -1 + -2*21/6. Let x be -1*((-6)/2 - z). Determine l(x).
1
Let w(t) = t**3 + 3*t**2 - 2*t - 3. Let r be ((-1)/(-2) - 2)*-8. Let x be r/(-10)*(-30)/(-12). Determine w(x).
3
Let m(z) = z**3 + z - 1. Let y(a) = -5*a**3 - a**2 - 3*a - 9. Let i(j) = 4*m(j) + y(j). Let g be (-1 + 3/2)*0. Calculate i(g).
-13
Let w(j) = -7*j**2 - 5*j**2 + j**3 - 3 + 17*j**2 - 5*j + 7. Give w(-6).
-2
Let a(b) = -16*b**2 - 9*b + 20. Suppose -4*f - 11 = -3*f. Let h(u) = -3*u**2 - 2*u + 4. Let m(r) = f*h(r) + 2*a(r). Suppose 4*n + 17 = -3. Calculate m(n).
1
Suppose 4*z - 3 = 3*t - 2*t, -4*z = -5*t - 15. Suppose z*a + a - 1 = 0. Let k(r) be the second derivative of r**3/6 - r**2 + 7*r. What is k(a)?
-1
Let s(k) = -5*k + 1. Let t(b) = -b**2 + 26*b - 4. Let f(d) = -11*s(d) - 2*t(d). Calculate f(-3).
6
Let b(l) = l. Let a(w) = w. Let n(x) = -4*a(x) + 3*b(x). Calculate n(-2).
2
Suppose -2*h + 20 = 5*i - 3*h, -i - 4*h = -25. Suppose 4*g - i + 3 = p, -p = -3*g. Let n(c) = -c**3 + 6*c**2. Calculate n(p).
0
Let n(i) be the second derivative of -2/3*i**3 + 1/2*i**2 - 1/20*i**5 + 0 + 5/12*i**4 - 2*i. What is n(4)?
1
Let o(j) = -6*j**3 - 2*j**2 + 2*j - 1. Let f be (-4 + 5)*(0 - -1). Determine o(f).
-7
Suppose 6 - 2 = 2*w. Let z = 47 - 38. Let v(k) = -2*k - 3*k**2 + 6*k - 7*k**2 + z*k**w. Determine v(5).
-5
Let k(r) = 5*r - 3. Let s(i) = i**2 + 8*i - 6. Let y be s(-9). Calculate k(y).
12
Let h = -7 - -11. Suppose 2 + 1 = l. Let n(v) = 0*v + 3*v + l - h. Calculate n(-2).
-7
Let o(a) = -4*a - 6. Let l be o(-3). Let h(s) = 4*s + 2*s - l*s - 2 + s. Give h(-6).
-8
Let g(m) = m**3 - 3*m**2 + 4*m - 3. Suppose 0 = -7*b + 19 - 5. Determine g(b).
1
Suppose -11 = -5*z + j, -2*j + 0 = -3*z + 1. Let f(m) = -2*m**2 + 3*m + 2. Determine f(z).
-7
Let o(y) = -4*y. Let c = 23 - 8. Let g = -3 + 6. Suppose 3*l + 3*s + 3 = c, 0 = l + g*s - 10. Give o(l).
-4
Let a(s) = 7*s. Let t(v) = v**2 + 6*v + 3. Let d be t(-7). Let i = d + -11. What is a(i)?
-7
Let y(l) be the third derivative of 0 + 0*l - 4*l**2 + 1/12*l**4 + 1/60*l**5 + 1/3*l**3. Calculate y(-4).
10
Let s(m) = m**2 - 4*m - 6. Suppose -4*w = -16, r + 2*w - 17 = -w. Calculate s(r).
-1
Let q(d) = 3*d**3 - 5*d**2 - 4*d + 2. Let a(o) = -4*o**3 + 5*o**2 + 3*o - 1. Let p(l) = -2*a(l) - 3*q(l). What is p(6)?
-4
Let v(n) = 2*n**2 - 7*n + 6. Let k(x) = -x**3 + 8*x**2 - 7*x + 4. Let s be -1*(-2 + -1*5). Let p be k(s). Determine v(p).
10
Let d be (-35)/(-20) - (-2)/8. Let i(c) = c**d - c**3 - 2*c**2 - 2*c**2 + 1. Suppose -2 = -2*k, 0 = 5*y - 3*k + 8 + 10. Calculate i(y).
1
Let g(u) = 12 + 7*u - 2 - 16*u + 0 + u**2. Determine g(7).
-4
Let z(r) be the first derivative of -r**3/3 + 2*r**2 + 3*r + 3. Calculate z(5).
-2
Let b(j) = j**3 + 4*j**2 + 3*j. Let d be b(-2). Let s(c) = 4*c**d + 4 - c - 3*c**2 - 2*c**2. Let w(a) = -a + 1. Let q be w(1). Give s(q).
4
Let n be (-1 - -2) + -4 + -3. Let d(y) = 4*y + 5. Let w(c) = c. Let o(r) = -d(r) + 3*w(r). Give o(n).
1
Let d(t) = -t**2 + 2*t + 2. Let z be d(0). Let c be (-2 + 0)*(-3 - -2). Let u(v) = c*v**2 + v**2 + v + 3*v + z. What is u(-2)?
6
Suppose -3*w = 2*r - 16, -2*r + 5 = -3*w + 1. Suppose 6 = -w*u + 5*u. Let l(b) = b + 2*b**2 + 8*b**3 + b**2 - b**u. What is l(-1)?
-7
Let s = 10 - 5. Let p(q) = 5*q**2 + q**3 + 2*q - 3*q + q**2 - 3*q. Let l(n) = -n**3 - 7*n**2 + 5*n. Let r(k) = s*l(k) + 6*p(k). Give r(-1).
-1
Let i be (-4)/10 - (-27)/5. Let n(a) = 3*a**3 - 4*a**2 + 8*a + 1. Let h(k) = 7*k**3 - 7*k**2 + 17*k + 2. Let s(m) = 2*h(m) - 5*n(m). Calculate s(i).
-6
Let t(w) = -w - 6. Let j be t(-12). Let g = 3 - j. Let c(i) = i**3 + 3*i**2 - i - 4. Calculate c(g).
-1
Let m be (-20)/3 + 2/3. Let z(r) = r**3 + 5*r**2 - 5*r - 3. What is z(m)?
-9
Let b = -9 - -14. Let g(l) be the third derivative of l**5/120 + l**3/3 + 2*l**2. Let u(x) be the first derivative of g(x). Calculate u(b).
5
Supp